{"id":22324,"date":"2025-09-16T13:28:39","date_gmt":"2025-09-16T12:28:39","guid":{"rendered":"https:\/\/eem.wireframe.ie\/product\/plastikowa-pokrywka-tear-tab-o-80-mm-czarna-pl\/"},"modified":"2026-02-23T13:54:06","modified_gmt":"2026-02-23T13:54:06","slug":"plastikowa-pokrywka-tear-tab-o-80-mm-czarna-pl","status":"publish","type":"product","link":"https:\/\/eem.huhtamaki.com\/pl\/produkt\/plastikowa-pokrywka-tear-tab-o-80-mm-czarna-pl\/","title":{"rendered":"Plastikowa pokrywka Tear Tab, o 80 mm czarna"},"content":{"rendered":"<p>Wieczka do kawy zosta\u0142y zaprojektowane z dba\u0142o\u015bci\u0105 o ka\u017cdy detal, aby zapewni\u0107 wyj\u0105tkowy komfort u\u017cytkowania i idealne dopasowanie zar\u00f3wno do kubk\u00f3w jedno\u2011, jak i dwuwarstwowych. Subtelnie wyprofilowana forma podkre\u015bla elegancj\u0119 serwisu, a innowacyjny, sk\u0142adany zatrzask umo\u017cliwia ponowne zamkni\u0119cie napoju \u2014 zwi\u0119kszaj\u0105c bezpiecze\u0144stwo i wygod\u0119 podczas przenoszenia.<\/p>\n","protected":false},"excerpt":{"rendered":"<p>Wieczka do kawy zosta\u0142y zaprojektowane z dba\u0142o\u015bci\u0105 o ka\u017cdy detal, aby zapewni\u0107 wyj\u0105tkowy komfort u\u017cytkowania i idealne dopasowanie zar\u00f3wno do kubk\u00f3w jedno\u2011, jak i dwuwarstwowych. Subtelnie wyprofilowana forma podkre\u015bla elegancj\u0119 serwisu, a innowacyjny, sk\u0142adany zatrzask umo\u017cliwia ponowne zamkni\u0119cie napoju \u2014 zwi\u0119kszaj\u0105c bezpiecze\u0144stwo i wygod\u0119 podczas przenoszenia.<\/p>\n","protected":false},"featured_media":28847,"comment_status":"open","ping_status":"closed","template":"","meta":{"_acf_changed":false,"_relevanssi_hide_post":"","_relevanssi_hide_content":"","_relevanssi_pin_for_all":"","_relevanssi_pin_keywords":"","_relevanssi_unpin_keywords":"","_relevanssi_related_keywords":"","_relevanssi_related_include_ids":"","_relevanssi_related_exclude_ids":"","_relevanssi_related_no_append":"","_relevanssi_related_not_related":"","_relevanssi_related_posts":"","_relevanssi_noindex_reason":""},"product_brand":[],"product_cat":[2533],"product_tag":[],"class_list":{"0":"post-22324","1":"product","2":"type-product","3":"status-publish","4":"has-post-thumbnail","6":"product_cat-wieczka-pl","7":"","8":"woocommerce-text-align-center","9":"woocommerce-image-align-center","10":"do-quantity-buttons","12":"first","13":"instock","14":"shipping-taxable","15":"purchasable","16":"product-type-simple"},"acf":[],"_links":{"self":[{"href":"https:\/\/eem.huhtamaki.com\/pl\/wp-json\/wp\/v2\/product\/22324","targetHints":{"allow":["GET"]}}],"collection":[{"href":"https:\/\/eem.huhtamaki.com\/pl\/wp-json\/wp\/v2\/product"}],"about":[{"href":"https:\/\/eem.huhtamaki.com\/pl\/wp-json\/wp\/v2\/types\/product"}],"replies":[{"embeddable":true,"href":"https:\/\/eem.huhtamaki.com\/pl\/wp-json\/wp\/v2\/comments?post=22324"}],"wp:featuredmedia":[{"embeddable":true,"href":"https:\/\/eem.huhtamaki.com\/pl\/wp-json\/wp\/v2\/media\/28847"}],"wp:attachment":[{"href":"https:\/\/eem.huhtamaki.com\/pl\/wp-json\/wp\/v2\/media?parent=22324"}],"wp:term":[{"taxonomy":"product_brand","embeddable":true,"href":"https:\/\/eem.huhtamaki.com\/pl\/wp-json\/wp\/v2\/product_brand?post=22324"},{"taxonomy":"product_cat","embeddable":true,"href":"https:\/\/eem.huhtamaki.com\/pl\/wp-json\/wp\/v2\/product_cat?post=22324"},{"taxonomy":"product_tag","embeddable":true,"href":"https:\/\/eem.huhtamaki.com\/pl\/wp-json\/wp\/v2\/product_tag?post=22324"}],"curies":[{"name":"wp","href":"https:\/\/api.w.org\/{rel}","templated":true}]}}

<p>Wieczka do kawy zostały zaprojektowane z dbałością o każdy detal, aby zapewnić wyjątkowy komfort użytkowania i idealne dopasowanie zarówno do kubków jedno‑, jak i dwuwarstwowych. Subtelnie wyprofilowana forma podkreśla elegancję serwisu, a innowacyjny, składany zatrzask umożliwia ponowne zamknięcie napoju — zwiększając bezpieczeństwo i wygodę podczas przenoszenia.</p>
